 ((-111)/4)/(7/y).
3, 37
Let k(q) = 160*q**2 - 26*q - 109. What are the prime factors of k(-7)?
41, 193
Let s = -50890 - -101034. List the prime factors of s.
2, 1567
Suppose 0 = 35*a - 54*a + 134197. What are the prime factors of a?
7, 1009
Suppose 5*u = 1824 + 1801. Suppose 15*y + u = 16*y. What are the prime factors of y/6 - (-6)/36?
11
Suppose t + 2*j = 15, 3*t - 34 - 21 = -j. Suppose 24552 = 3*n + t*n. List the prime factors of n.
2, 3, 31
Let g = 58 + -56. Let t be (((-20)/(-5))/g)/1. Suppose -2*a + 211 = d, -5*d + 1025 = -3*a - t*a. List the prime factors of d.
3, 23
Let q(w) = 4018*w**2 + 336*w - 337. List the prime factors of q(1).
3, 13, 103
Let y be ((-1)/2)/((-3)/(-6)) + 4. Let q be (-4)/y - 4/6 - -111. Suppose -q = -2*w - f, -2*w + 37 = -w - 3*f. What are the prime factors of w?
2, 13
Suppose 4*i = -16*v + 331888, -41480 = -24*v + 22*v + i. List the prime factors of v.
2, 3, 3457
Let z(g) = g**3 - 4*g**2 + 19*g - 6. Let d be z(-8). Let p = -356 - d. List the prime factors of p.
2, 3, 5, 19
Let n(f) = 32*f - 16*f + 3 - 38*f. Let g be n(-1). Let y = g + 80. List the prime factors of y.
3, 5, 7
Let u(k) = k**2 + 18*k + 5. Let s be u(-18). Suppose -s*j = -22*j + 7089. List the prime factors of j.
3, 139
Suppose 3*i = -4 + 19, -h - 5*i - 1 = 0. Let o = 26 + h. Suppose z + 2*z - 534 = o. What are the prime factors of z?
2, 89
Let k(j) = 125*j + 5. Let w be k(-2). Let h = 5 + w. List the prime factors of 32/h + (-1337)/(-15).
89
Let g(s) = -s**2 + 12*s - 11. Let n be g(11). Suppose n = 3*w - 7*w. Suppose 5*j + 2*j - 854 = w. What are the prime factors of j?
2, 61
Let c = -118 + 121. Suppose -c*d = -498 - 207. What are the prime factors of d?
5, 47
Let m = -2 - -3. Let w(y) be the second derivative of 3*y**5/20 - y**4/6 + y**3/2 - y**2/2 + y - 109. List the prime factors of w(m).
3
Let t = 151906 + -448162. List the prime factors of 6/(-4)*t/288.
1543
List the prime factors of (-104)/(-39) + (-60798)/(-9).
2, 31, 109
Let a = -2741 + 4754. What are the prime factors of a?
3, 11, 61
Suppose 2*s - 8 = 0, 5*x + 2*s = -s + 37442. What are the prime factors of x?
2, 19, 197
List the prime factors of ((5394/(-145))/31)/((-2)/3065).
3, 613
Suppose -c - 5*w + 1541 = 0, -c + 3*w + 345 = -1180. Suppose 3*j - c = -130. List the prime factors of j.
467
Let x be ((-10)/4)/((-8)/(-64)). Let v = -32 - x. Let q = v - -59. List the prime factors of q.
47
Let f = -14 + 26. Suppose -a + f = 2*a. Suppose -4*m + 640 = a*b, 336 = 2*b - 9*m + 7*m. List the prime factors of b.
2, 41
Suppose 0 = -4*b + 5 + 3. Let r(f) = -12245*f - 3 + 15*f**2 + 6125*f + 6124*f. List the prime factors of r(b).
5, 13
Let p = -900 - -918. Suppose -31*v = p*v - 13426. What are the prime factors of v?
2, 137
Let y(c) = 8*c**2 + 383. What are the prime factors of y(19)?
3271
Let l = -18732 + 31358. What are the prime factors of l?
2, 59, 107
Suppose -2*v = 4*o - 49 - 93, 9 = -3*o. List the prime factors of v/(-42)*-230*3.
5, 11, 23
Let d = -221 - -600. Let g = 670 + -913. Let y = d + g. List the prime factors of y.
2, 17
Let o(h) = 7*h + 129. Let s be o(-18). Suppose s*d - 1774 = -c, c + 4*d - 1388 - 386 = 0. List the prime factors of c.
2, 887
What are the prime factors of ((-36)/(-21))/((-1230696)/246141 - -5) + 2?
2, 7, 17, 197
Suppose -28*s + 27*s + 11933 = 3*m, -4*m + 2*s = -15924. What are the prime factors of m?
23, 173
Let v = 27810 + -14243. What are the prime factors of v?
13567
Let y(g) = -g - 5. Let c be y(-21). Suppose -c*r - 5*n + 1205 = -11*r, 3*r - 731 = n. What are the prime factors of r?
3
Suppose 0 = 4*d - 5*g - 14 - 5, 5*g = -3*d + 23. Suppose p + 425 = 2*h, -d*p = 5*h - 4*p - 1040. What are the prime factors of h?
2, 3, 5, 7
Suppose 0 = -2*t - 306 + 1016. What are the prime factors of t + (-1 - 1) + 0?
353
Let h(d) = -d**3 + 19*d**2 - 7*d - 1. Let b be h(19). Let n = 465 + b. Suppose -n = -5*p + p + 3*m, 4*p + 3*m - 325 = 0. List the prime factors of p.
2, 41
Let i = 115 - 119. What are the prime factors of 6/(-27) - ((-5590)/45 - i)?
2, 3, 5
Suppose -2*l = g - 71289 - 27461, 4*l - 197398 = 15*g. List the prime factors of l.
2, 12343
Let m(v) = 685*v**2 - 13*v + 2. What are the prime factors of m(2)?
2, 7, 97
Let k(s) = 2*s + 37. Let z be 2/3 - (-246)/(-18). Let n be k(z). Suppose 72 = -n*g + 14*g. What are the prime factors of g?
2, 3
Let n(v) = -2*v**2 + 398*v + 554. What are the prime factors of n(138)?
2, 5, 37, 47
Let q(y) = 2*y + 25. Let v be q(-13). Let o be 12 + (-5 - (-2 - v)). List the prime factors of 340/8*o/5.
2, 17
Let z be 7/((-21)/(-15)) - -19. Let f(x) = 10*x - 51. Let d be f(z). Let i = -136 + d. What are the prime factors of i?
53
Suppose 17*a - 16*a = 2155. Suppose -4824 = -7*r + a. What are the prime factors of r?
997
Let z be 2/((-2)/(-1)) + 440/4. Suppose 0 = -13*x + 865 - z. What are the prime factors of x?
2, 29
Let i be ((-356)/445)/(1*(-4)/(-50)). What are the prime factors of 518 + -1 + (i - -6)?
3, 19
Suppose -5*z = 12*z - 51. Suppose -f - s + 277 = 0, -2*f + z*s + 562 = 7*s. What are the prime factors of f?
3, 7, 13
Let l be (-2)/5 + (-168)/(-70). Suppose -5*m + l*m = -366. Suppose 4*n = 2*i + 91 + 177, 2*n - 4*i = m. List the prime factors of n.
3, 23
Let n = 11122 + 248. List the prime factors of n.
2, 3, 5, 379
Let j(p) = -17*p**3 + 8*p**2 + 6*p - 28. List the prime factors of j(-4).
2, 3, 97
Let l = 23 + -6. Let w(h) = -h**3 + 17*h**2 + h - 15. Let u be w(l). Suppose f - 76 = 3*p, 5*f - 192 = u*p + 136. What are the prime factors of f?
2
What are the prime factors of (3 + -4311)*(-490)/126 - (-2)/(-6)?
11, 1523
What are the prime factors of -67 - -55 - (-28396 - (0 + 4))?
2, 47, 151
Let m = 34308 + -25306. What are the prime factors of m?
2, 7, 643
Let m(c) = -58*c**3 + 13*c**2 + 78*c + 643. List the prime factors of m(-10).
3, 13, 37, 41
Suppose -34764 = -6*a + 2*o, 2*a - o = 11476 + 113. List the prime factors of a.
3, 1931
Let i(o) = o**3 + 17*o**2 - 17*o + 30. Let t be i(-18). Let j = 19 - t. Let y(x) = 29*x - 29. What are the prime factors of y(j)?
2, 3, 29
Let o(m) be the second derivative of 55*m**4/12 - m**3/2 - 2*m**2 + 3*m - 7. Let w be (8/24)/(2/(-6)). List the prime factors of o(w).
2, 3
Let f = 474 + -477. What are the prime factors of (2/f)/((-2)/3678)?
2, 613
Suppose -36 = -f + 3*k, -2*f - 74 = -6*f - 2*k. Let d = 28 - f. Suppose o - d = 6. List the prime factors of o.
13
Let t(c) = 143*c**2 - 12*c + 3. Let i(b) = -15*b + 197. Let h be i(13). List the prime factors of t(h).
19, 29
Let f = 89553 + -51740. List the prime factors of f.
37813
Let o(x) = 17080*x**2 + 49*x + 50. What are the prime factors of o(-1)?
19, 29, 31
Let z be -2*(0 + 3/(-12)*6). Suppose 2*a + 3*f = 132, -z*f = -5 - 7. Suppose -a = 63*n - 66*n. List the prime factors of n.
2, 5
Let w = -351 - -405. Suppose -w*v = -31*v - 28865. List the prime factors of v.
5, 251
Let a(s) be the first derivative of s**3/3 - s**2 + 513*s - 24. What are the prime factors of a(0)?
3, 19
Suppose -b - 4*b = -v - 686, 2114 = -3*v + b. Let t = v - -1497. What are the prime factors of t?
7, 113
Let n = -419 - -417. List the prime factors of 0 - n - (-1714)/6*3.
859
Let f be -10273 + (0 - 0 - 2). What are the prime factors of ((-4)/(-10))/((-15)/f)?
2, 137
Suppose 6*d + d - 21 = 0. Let y = d + 0. Suppose -y*i + o + 140 = 0, -i + 4*o = o - 44. List the prime factors of i.
47
Let d(g) = -g**3 + 5*g**2 - 8*g + 10. Let c be d(3). List the prime factors of 24662/66 - 2/(-6)*c.
3, 5
Let g = -2544 + 3687. Suppose -3*y + g = -2346. What are the prime factors of y?
1163
Let u = 153776 - 107521. List the prime factors of u.
5, 11, 29
Suppose -73*u - 18 = -70*u. What are the prime factors of 1456/(-32)*3/(u/28)?
7, 13
What are the prime factors of (-6)/(-15) + 167043/5 + 0 + 0?
33409
List the prime factors of 10450 + ((-7)/(-4))/(4/(-16)).
3, 59
Suppose 0 = 11*p + 14 + 30. Let t be 4 + (p - -4) + -1. Suppose 5*w - 3*u = -2*u + 800, 2*w - t*u - 320 = 0. List the prime factors of w.
2, 5
What are the prime factors of (-833)/119*38680/(-28)?
2, 5, 967
Suppose 11*s = 18*s + 42. What are the prime factors of (18/(-7))/(-3)*(113 - s)?
2, 3, 17
Let v(q) = q**3 - 12*q**2 - 12*q - 4. Let o be v(13). Suppose 27 = o*t - 0*t. Suppose -326 = -t*b - 2. What are the prime factors of b?
2, 3
Let 